ose -2*n - 12 = 4*d, 3 - 12 = -3*n + 3*d. Calculate r(n).
-9
Let j(m) = 13*m - 100. Let n(t) = -7*t + 54. Let h(g) = 6*j(g) + 11*n(g). Determine h(2).
-4
Suppose 3*x = 4*k - 24, 5*k + x = -x + 53. Let h(r) = -49*r + 36*r + r**3 - 11 + k*r**2 + 21*r. What is h(-8)?
-11
Let i = -33 - -30. Let u be 30/i*(-1)/(-2). Let n(q) = -q**3 - 5*q**2 + q. What is n(u)?
-5
Let f(g) = g**3 - 2*g**2 + 2*g - 3. Let o(z) = 13*z - 231. Let y be o(18). Give f(y).
12
Let q(b) = -2*b - 49. Let s be q(8). Let p = 59 + s. Let g(l) = l**2 + 7*l - 5. Give g(p).
-11
Let m(g) = -3*g**3 + 11*g - 4*g**3 + g - 12*g**2 + 8*g**3 + 10. Let i be m(11). Let b(k) = 8 + 10 - i - k. Give b(-4).
1
Let d be 75/(-27) + (-2)/9. Let s be d*1*(-1)/(-3). Let u(g) = -2*g**2 + 3*g**2 + 7 - 8. Give u(s).
0
Let d(t) = -4*t + 2*t**2 + t + 4*t**2 - 109*t**3 + 5 + 108*t**3. Suppose 4 = 3*v - 11. Give d(v).
15
Let g(x) = 2*x + 4. Suppose 5*a + 135 = b, 4*a + 5*b - 4*b = -117. Let y = a - -22. What is g(y)?
-8
Suppose -26 - 74 = 25*z. Let n(w) = w**3 + 4*w**2 - 4*w + 3. Calculate n(z).
19
Suppose -4*b - 11 = -q, -5*q - b = b - 11. Let x be 15/20*4*387. Let d(c) = x*c - 1157*c + 0 - 4. Determine d(q).
8
Suppose -s - 2 = 5*a, 4 - 3 = 2*s + 5*a. Suppose -4 = -s*z + 5*z. Let u(d) = -d**3 - 2*d**2 - 3*d - 3. Let f be u(z). Let p(o) = o + 1. Give p(f).
4
Suppose -y - 2 + 3 = 0. Let n be 4 + (-1 - y/1). Let k(h) be the third derivative of -h**4/24 - 474*h**2. What is k(n)?
-2
Let h(y) = y**3 + 13*y**2 - 12*y + 28. Let s be h(-14). Let a(t) = 0 + t - 6 + 4 + s. Suppose 0 = 3*z - r - 0 - 5, -2*r - 4 = 0. Determine a(z).
-1
Let k(o) = o**3 - 3*o**2 - 2*o - 8. Let w be k(4). Suppose -3*f - 5*b - 13 = w, 2*f - 2*b + 2 = -4*b. Let n(d) = 9 - 3 + 2*d + f - d. Determine n(0).
10
Let d(s) be the third derivative of s**6/360 - s**5/24 + s**4/12 + s**3/6 - 2*s**2. Let z(r) be the first derivative of d(r). Let j = -67 + 72. Determine z(j).
2
Suppose -171*b = -168*b + 12. Let n(u) = 2*u + 8. Calculate n(b).
0
Suppose 0 = -5*w + 30 - 5. Let m(x) = -34*x**2 + 33*x**2 + 2 - 3*x - 4*x - w. What is m(-7)?
-3
Let q(a) = 2*a**2 - 4*a - 2. Let f be q(5). Let h be 3/5 + f/(-5). Let w(b) = b**3 + 5*b**2 - 1. What is w(h)?
-1
Let c(n) be the first derivative of -n**3 + 7*n**2/2 - 7*n + 743. What is c(3)?
-13
Let c be (-3 + 5)*(-6)/(-4). Suppose -c*n = 2*n. Let p(s) = 25 - 3*s - 22 + n*s. Determine p(4).
-9
Let f(j) = j**3 + 3*j**2 - j - 5. Let n be f(2). Let g(w) = -w**3 + 14*w**2 - 11*w - 18. What is g(n)?
8
Let x(v) = 16*v + 9 - 6*v**2 + 3 - 10*v**3 - 2 + 26*v**3. Let t(a) = 3*a**3 - a**2 + 3*a + 2. Let b(y) = 11*t(y) - 2*x(y). What is b(0)?
2
Let s(f) = 2*f**2 - 19*f + 11. Let p be s(9). Let t(d) = 2*d**3 - 3*d**2 + d + 1. Let m be t(p). Let r(z) = m*z + 2 - z - 2*z - 2*z. What is r(3)?
8
Suppose 4*a - 5*x - 2 = 0, 0*a - 4*a - 2 = -3*x. Let n be (-125)/25*a/10. Let b(m) = -3*m**3 - 2*m**2 + 1. Give b(n).
-4
Let n be (-2)/(-4) - (-3)/2. Let m(q) = q + 1. Let w(b) = -b. Let l(z) = m(z) - 6*w(z). Calculate l(n).
15
Let z = 57 + -57. Let k(s) = z*s + 7*s + 6*s - 3. What is k(2)?
23
Let o = 140 + -146. Let m(u) = -u**3 - 5*u**2 + 5*u - 3. What is m(o)?
3
Let f(g) = -8*g**2 - g + 2. Suppose 7*o = -9 - 5. What is f(o)?
-28
Let y(q) = -q + 5. Let g be ((-9)/12)/(2/24). Let f = g - -4. Give y(f).
10
Suppose 0 = 4*g + g - a, 4*a = -4*g + 24. Let b(v) = v - 4*v - 862 + v + 0*v - 4*v**2 + 863. Calculate b(g).
-5
Let t(r) = -6 + 3 + 3*r + 5 - r**2 + 1. Let o(u) = -u**2 + 2*u + 3. Let n(w) = -3*o(w) + 2*t(w). Let v = -4 + 7. Determine n(v).
6
Let b(i) = -10*i**2 + 4*i - 14. Let o(n) = 10*n**2 - 4*n + 10. Let d(t) = 2*b(t) + 3*o(t). Give d(2).
34
Let p(d) = 1 - d**2 - 30*d - 4 + 36*d. Let h be p(3). Let f(z) = -3*z**2 - 5*z**2 + 5*z + 5*z**2 + 1 + 2*z**2. What is f(h)?
-5
Let d(b) = 2*b**2 - 9*b + 11. Let s(f) = -f**2 + 5*f - 6. Let h(t) = -6*d(t) - 11*s(t). Let l(r) = -r**2 - r. Let z(o) = -5*h(o) + 3*l(o). What is z(-2)?
4
Let g(x) = 4*x + 59. Let b(k) = 3*k + 58. Let t(v) = -7*b(v) + 6*g(v). Let r be t(15). Let c(d) = -d**2 - 4*d + 2 - 4 - 4*d. Give c(r).
5
Let k = -3079 - -3082. Let w(q) be the third derivative of 0 - 2/3*q**k + 3*q**2 + 1/12*q**4 + 0*q. Give w(5).
6
Let z be ((0 - -2) + 2)/(-1). Let l(n) = 2*n + 5. Let d be l(z). Let m(f) = -5*f - 2. Let t(j) = -9*j - 4. Let v(b) = 5*m(b) - 3*t(b). Calculate v(d).
-4
Let c(r) = 2*r**3 + 4*r**2 + r - 4. Let g be 9/15 - (-1)/((-20)/1332). Let u = -69 - g. What is c(u)?
-25
Let d(q) = -2*q**2 - 157*q + 42 + 6*q**2 - 3*q**2 + 169*q + 0*q**2. Calculate d(-7).
7
Let b(u) = 5*u**3 + 1. Let c be b(1). Let o(d) = 3 + d + 3 - 2*d + 2 - 2. Determine o(c).
0
Let l(s) be the second derivative of s**4/12 - 5*s**3/6 - 5*s. Let d be (8/3)/(6*2/18). Calculate l(d).
-4
Suppose 0 = 3*d + 2*n + 2*n + 13, d + 2 = n. Let s(c) be the second derivative of -c**3/6 - 3*c**2/2 - c - 45. What is s(d)?
0
Let v(l) = -l**2 + 7*l + 9. Suppose 3*y - 3 + 9 = 0. Let f be 7 - y - 1*2. Give v(f).
9
Let j(f) = 7*f**3. Let y be 6/4 - 48/32. Suppose -2*b + y*u - u = -7, 6 = 3*b - 3*u. Let w be (b/2)/(21/14). Determine j(w).
7
Suppose 5*g - 4*p - 69 = 0, 7*p - 11*p = -4*g + 52. Let c(y) = -y**2 + 18*y + 3. Calculate c(g).
20
Let b(y) be the second derivative of y**3/6 + y**2 + y - 14. Calculate b(6).
8
Let d(u) = -u**2 - 1. Let i = 19 + -15. Suppose 5*w + 19 = -4*z, 11 = -5*z - i*w + 2*w. Let y be d(z). Let m(v) = v**3 + 3*v**2 + 3*v + 2. Determine m(y).
0
Let d(j) be the second derivative of 0 + 1/40*j**5 + 6*j - 1/6*j**3 + 0*j**2 - 1/8*j**4. Let l(v) be the second derivative of d(v). Calculate l(6).
15
Let l(b) = 2*b**2 - b - 1. Let x(p) = 2*p**3 - 12*p**2 + p + 8. Let m be x(6). Suppose -5*d + m = -4*t, -d - 1 = 5*t - 2*t. Calculate l(t).
2
Suppose -4*d + 2*d + 14 = -2*y, -13 = -d + 4*y. Suppose -4*z = z + 4*j - 10, 0 = -4*z - 5*j + 8. Let x(n) = 4*n**3 - d*n**3 + 4*n**z + 0*n + 4 - 2*n. Give x(4).
-4
Let t(i) = -3*i**2 - 2*i - 1. Let x = 216 + -214. Give t(x).
-17
Let o(s) = s**3 - 3*s**2 - 34*s - 8. Let w be o(8). Suppose -7*l + 3*l + w = 0. Let z(x) = -x + 24. Determine z(l).
14
Let i(z) = -5*z**3 + z**2 - 1. Suppose 25 - 22 = 3*p. Determine i(p).
-5
Let u(j) = -419 + 418 + 4*j - 3*j. Let f be ((-4)/(-6))/(3/9). Calculate u(f).
1
Let u = -24 + 26. Let v(c) = c + 16. Let a be v(-12). Let m(i) = a*i**2 - 3 - 2 + i**3 + u. Give m(-3).
6
Let m(b) = 5*b - 2. Let r(u) = -9*u + 4. Let v(w) = 5*m(w) + 2*r(w). Let h be (-5 + 11)/(0 + 3). Determine v(h).
12
Suppose p = 2*p. Suppose i = -p*i - 4. Let g(l) be the first derivative of l**3/3 + 3*l**2 + 3*l + 9. What is g(i)?
-5
Let u = -62 + 44. Let c be 5/6 - u/108. Suppose 0*z = -z - c. Let a(d) = 4*d**3 + d**2. Determine a(z).
-3
Suppose -u + 4 = -2*u, d + 2*u = -18. Let r(p) = -p**3 - 9*p**2 + 11*p + 14. Give r(d).
4
Let n(x) = x + 23. Let o(u) = -3*u - 66. Let m(s) = -11*n(s) - 4*o(s). Give m(-14).
-3
Let o(g) = -3*g + 28. Let x be o(12). Let w be (9/6)/(2/x). Let y(v) = -v + 3 + 2*v - 2. Calculate y(w).
-5
Let q(k) = 2*k**2 - 3*k - 1. Suppose -11 = -d - 4*p + 2*p, -2*d = -p - 7. Suppose -d*n = -3*v - 3, n - 3*v = -3 - 6. What is q(n)?
8
Suppose c = 2 + 3. Let y(f) = -3*f**3 + 2*f + 1. Let m be y(-1). Let k(t) = 0*t - 2*t - 5 + t - 2*t + t**m. Give k(c).
5
Let q(a) = 18 - 2 + 11*a - 25*a + 13*a. Give q(12).
4
Let g(r) = 14*r - 1. Let b(q) = -26*q + 13. Let z(f) = -b(f) - 2*g(f). What is z(-7)?
3
Let m(a) = -7*a - 29. Let h be m(-4). Let d(s) be the first derivative of -8*s**3/3 + s + 3. Calculate d(h).
-7
Let b(u) = 19*u + 3. Let p(o) = 35*o + 7. Let d(t) = -9*b(t) + 4*p(t). Calculate d(1).
-30
Let w(z) = -3*z**2 + 2*z**3 + 46*z**3 - 50*z**3. What is w(-2)?
4
Let m(y) = 14*y**2 + 2*y**3 - 19*y**2 + 3*y**3 - 5*y + 3*y**3 - 7*y**3 - 7. Calculate m(6).
-1
Let h(y) = -9*y**3 + 3*y**2 - y + 13. Let v(g) = -5*g**3 + g**2 + 7. Let j(n) = 4*h(n) - 7*v(n). Let c = -288 - -291. Calculate j(c).
9
Suppose -x = 67 - 65. Let a(z) = 12*z + 1. Calculate a(x).
-23
Let n(f) = 3*f**3 + 3*f**2 + 5. Let j(l) = -l**3 - 2*l**2 - l - 2. Let d(t) = -2*j(t) - n(t). What is d(-2)?
7
Let n(a) be the second derivative of a**5/20 - 2*a**4/3 - a**3/6 + 11*a**2/2 + 4*a - 20. Calculate n(8).
3
Let g(d) = d**3 - 15*d**2 + d - 8. Let n(m) = 15*m**2 + 5*m - 5. Let l be n(1). Determine g(l).
7
Let z(o) = 3*o. 